te?
True
Is 30044026367 a composite number?
False
Is 57274453 a prime number?
False
Is 39159118 prime?
False
Is 4722114379 a composite number?
True
Is 21315014971 a composite number?
False
Is 40869701 prime?
False
Is 9673985003 a prime number?
True
Is 62721414593 a composite number?
False
Is 417248581 a prime number?
False
Is 932702249 prime?
True
Is 61702995553 a composite number?
True
Is 54241003 prime?
False
Is 13529785907 a prime number?
False
Is 5687916935 a composite number?
True
Is 535299209 a prime number?
True
Is 48454148177 composite?
False
Is 3709690339 prime?
True
Is 1178265721 prime?
True
Is 1268880521 composite?
True
Is 47561382667 a prime number?
True
Is 19669210889 composite?
False
Is 1111559419 a composite number?
True
Is 2987571694 prime?
False
Is 20172349993 a composite number?
False
Is 387959707 prime?
False
Is 74622441661 a prime number?
False
Is 271653497 a prime number?
True
Is 611559647 a composite number?
False
Is 159901631 a prime number?
False
Is 96741329 composite?
False
Is 23238737399 prime?
True
Is 19430115673 a composite number?
True
Is 21692901317 prime?
True
Is 4239795031 prime?
True
Is 2509125299 composite?
False
Is 11919531389 a composite number?
True
Is 5452721069 a composite number?
False
Is 54136412699 a prime number?
True
Is 7589897141 composite?
False
Is 70652923051 composite?
False
Is 3461220727 composite?
True
Is 144612970163 composite?
False
Is 47350578731 a composite number?
True
Is 8223140039 composite?
True
Is 27198683857 composite?
False
Is 1191244139 a prime number?
True
Is 16226592947 a composite number?
True
Is 1024703129 composite?
True
Is 4179587051 a composite number?
False
Is 9123548677 prime?
False
Is 2164993561 a composite number?
True
Is 10286464081 prime?
False
Is 1548742735 prime?
False
Is 33569617777 a composite number?
True
Is 92498694247 a composite number?
False
Is 39902807557 a composite number?
True
Is 3439767761 composite?
False
Is 1076963813 a composite number?
True
Is 17311805383 composite?
True
Is 7639845259 prime?
True
Is 137602510649 a prime number?
True
Is 118659941 a composite number?
False
Is 10223025229 a composite number?
False
Is 1950183607 prime?
True
Is 1195091941 composite?
False
Is 1793928113 composite?
False
Is 12701938453 a composite number?
False
Is 3824324891 a prime number?
True
Is 19532352611 composite?
False
Is 83152123 composite?
True
Is 1684174301 composite?
False
Is 358354933 a prime number?
True
Is 155899972607 a prime number?
True
Is 837105359 a composite number?
False
Is 2300739349 composite?
False
Is 7815536809 prime?
False
Is 9237002707 a prime number?
True
Is 19031026727 a composite number?
False
Is 141063833 prime?
True
Is 171936893 prime?
True
Is 1565621633 a composite number?
True
Is 66154746767 a composite number?
False
Is 15640216139 a composite number?
False
Is 913706657 a composite number?
False
Is 806480621 a composite number?
False
Is 7088043539 composite?
True
Is 1868336579 composite?
True
Is 1111377371 composite?
True
Is 1494426613 a composite number?
False
Is 2955451711 a prime number?
True
Is 1480163953 a prime number?
False
Is 53221550197 a composite number?
False
Is 54056285609 a composite number?
False
Is 4682280991 composite?
True
Is 169564589681 composite?
True
Is 12525405917 composite?
True
Is 2244540431 a composite number?
True
Is 19472217977 prime?
False
Is 37660519 a composite number?
True
Is 16346125717 composite?
False
Is 29517524395 a composite number?
True
Is 14653054951 composite?
False
Is 2369386531 prime?
False
Is 2087143213 prime?
True
Is 324409069 a composite number?
True
Is 12161676907 prime?
True
Is 4013304739 prime?
False
Is 2493413051 prime?
True
Is 332233243 a prime number?
True
Is 1049411339 a composite number?
True
Is 59364680527 a composite number?
True
Is 2210830601 prime?
False
Is 136541047 composite?
True
Is 34962431927 prime?
True
Is 1070985407 composite?
True
Is 13463020699 a composite number?
True
Is 89666022293 a composite number?
False
Is 10552844717 composite?
True
Is 8546338219 a composite number?
False
Is 1786911553 composite?
True
Is 1465243547 prime?
False
Is 6674095157 a composite number?
True
Is 32091843991 a composite number?
False
Is 8566855567 a prime number?
True
Is 26572561361 composite?
False
Is 1515520867 composite?
True
Is 1706893733 a composite number?
True
Is 2460949157 a prime number?
True
Is 2027102177 a composite number?
False
Is 70426547 a prime number?
False
Is 10039171133 prime?
True
Is 497001857 a prime number?
False
Is 28900931 a composite number?
True
Is 21039935833 composite?
True
Is 10662857117 a composite number?
True
Is 150124424003 a prime number?
True
Is 88750786027 a composite number?
True
Is 12020344613 prime?
False
Is 5083953929 a prime number?
True
Is 1562612053 composite?
False
Is 10656284417 a composite number?
False
Is 317958149177 composite?
False
Is 10920859 a prime number?
True
Is 61892686201 prime?
True
Is 1283269601 composite?
True
Is 56402321 a composite number?
False
Is 561652865 prime?
False
Is 53578216879 a prime number?
False
Is 32477022703 prime?
False
Is 257725849 a prime number?
True
Is 18824596789 prime?
True
Is 3768108661 composite?
False
Is 528751631 a prime number?
False
Is 1518026423 a prime number?
False
Is 18986151707 a composite number?
True
Is 2241623443 composite?
False
Is 133761781 composite?
False
Is 4058105719 a prime number?
False
Is 504772711 composite?
False
Is 78256950509 a composite number?
True
Is 138156787 prime?
False
Is 9927064219 composite?
False
Is 4876059431 prime?
True
Is 12354941 prime?
False
Is 47817437567 a prime number?
False
Is 117051983 a composite number?
True
Is 1154276791 composite?
True
Is 1923233503 a composite number?
False
Is 4065084805 a prime number?
False
Is 926278679 composite?
True
Is 2973167165 a prime number?
False
Is 3706824241 a composite number?
False
Is 1343722741 a composite number?
True
Is 1004535647 composite?
False
Is 38442755357 prime?
True
Is 1073259043 a composite number?
False
Is 3286357153 a prime number?
False
Is 299502083 a composite number?
False
Is 3512208067 a composite number?
True
Is 1412480183 a composite number?
True
Is 1095699067 a composite number?
False
Is 599768783 composite?
False
Is 330566759 composite?
True
Is 3472047421 a composite number?
False
Is 42459960409 composite?
False
Is 57010712137 a prime number?
True
Is 14710159337 a composite number?
False
Is 4146323257 composite?
False
Is 298987139 prime?
False
Is 1345210057 a prime number?
True
Is 3554026081 composite?
False
Is 6319840309 a composite number?
True
Is 14371431007 a prime number?
True
Is 161266711 composite?
False
Is 13200222081 a prime number?
False
Is 12010564789 composite?
True
Is 87687650273 composite?
True
Is 55249164029 a composite number?
False
Is 2287459207 a composite number?
True
Is 3069021419 a composite number?
False
Is 40801867 composite?
False
Is 109651281487 composite?
True
Is 102056611099 prime?
True
Is 262828373 prime?
True
Is 580992691 a prime number?
False
Is 157668949 a prime number?
False
Is 1715505017 a composite number?
False
Is 3448477049 a prime number?
True
Is 8348846161 a prime number?
False
Is 27975495763 a composite number?
True
Is 30177691262 a composite number?
True
Is 2084419613 a composite number?
False
Is 4578412423 prime?
False
Is 6315442229 a composite number?
False
Is 133015045 composite?
True
Is 14778905153 prime?
False
Is 7180242799 a composite number?
False
Is 5537137399 prime?
True
Is 1248384734 a prime number?
False
Is 94815047 prime?
False
Is 346444939 prime?
True
Is 2933387761 composite?
True
Is 5931265763 a prime number?
True
Is 8424797699 a composite number?
True
Is 7801777661 a prime number?
True
Is 35001321473 composite?
False
Is 3006427394 a prime number?
False
Is 384156781 prime?
False
Is 7856728567 a composite number?
True
Is 1771388215 composite?
True
Is 8401459819 composite?
True
Is 112564098679 composite?
True
Is 398743837 a prime number?
True
Is 7896238303 composite?
False
Is 83230649 composite?
True
Is 9187145159 a prime number?
True
Is 758129357 composite?
True
Is 3882312599 prime?
False
Is 432340627 a prime number?
False
Is 538535057 composite?
False
Is 1439737111 a prime number?
False
Is 20208308669 a composite number?
False
Is 1442153 prime?
False
Is 